{"id":24,"date":"2020-11-11T20:33:01","date_gmt":"2020-11-11T19:33:01","guid":{"rendered":"http:\/\/turibrand.com\/?page_id=24"},"modified":"2020-12-09T22:11:39","modified_gmt":"2020-12-09T21:11:39","slug":"blog","status":"publish","type":"page","link":"https:\/\/turibrand.com\/","title":{"rendered":""},"content":{"rendered":"<p>&nbsp;<\/p>\n<p style=\"text-align: center;\"><img loading=\"lazy\" class=\"aligncenter wp-image-94\" src=\"http:\/\/turibrand.com\/wp-content\/uploads\/2020\/11\/Turibrand-logo-png-1024x302.png\" alt=\"\" width=\"500\" height=\"148\" srcset=\"https:\/\/turibrand.com\/wp-content\/uploads\/2020\/11\/Turibrand-logo-png-1024x302.png 1024w, https:\/\/turibrand.com\/wp-content\/uploads\/2020\/11\/Turibrand-logo-png-300x89.png 300w, https:\/\/turibrand.com\/wp-content\/uploads\/2020\/11\/Turibrand-logo-png-768x227.png 768w, https:\/\/turibrand.com\/wp-content\/uploads\/2020\/11\/Turibrand-logo-png.png 1081w\" sizes=\"(max-width: 500px) 100vw, 500px\" \/><\/p>\n<p style=\"text-align: center;\"><span style=\"font-size: 18pt;\"><strong>La agencia de branded content\u00a0<\/strong><strong>para profesionales tur\u00edsticos<\/strong><\/span><\/p>\n<p>&nbsp;<\/p>\n<p>&nbsp;<\/p>\n<hr \/>\n<p>&nbsp;<\/p>\n<p>&nbsp;<\/p>\n<p style=\"text-align: center;\"><span style=\"font-size: 20pt;\">QU\u00c9 HACEMOS<\/span><\/p>\n<p style=\"text-align: center;\"><strong><span style=\"font-size: 16pt;\">Captamos y fidelizamos creando v\u00ednculos emocionales con tus clientes<\/span><\/strong><\/p>\n<p style=\"text-align: center;\"><strong><span style=\"font-size: 16pt;\">Multiplicamos la eficacia publicitaria gracias a nuestra especializaci\u00f3n<\/span><\/strong><\/p>\n<p style=\"text-align: center;\"><strong><span style=\"font-size: 16pt;\">Adaptamos el estilo al m\u00e1s efectivo seg\u00fan la plataforma de difusi\u00f3n<\/span><\/strong><\/p>\n<p>&nbsp;<\/p>\n<p style=\"text-align: center;\"><span style=\"font-size: 20pt;\">NUESTRA FILOSOF\u00cdA<\/span><\/p>\n<p style=\"text-align: center;\"><strong><span style=\"font-size: 16pt;\">Elaboramos un nuevo periodismo para conectar marca y personas<\/span><\/strong><\/p>\n<p style=\"text-align: center;\"><strong><span style=\"font-size: 16pt;\">Creamos \u2018engagement\u2019 mediante la empat\u00eda<\/span><\/strong><\/p>\n<p style=\"text-align: center;\"><strong><span style=\"font-size: 16pt;\">Ensalzamos el prop\u00f3sito humano de las organizaciones<\/span><\/strong><\/p>\n<p style=\"text-align: center;\"><strong><span style=\"font-size: 16pt;\">Inspiramos al consumidor y al talento interno<\/span><\/strong><\/p>\n<p style=\"text-align: center;\"><strong><span style=\"font-size: 16pt;\">Proyectamos valores, transparencia y autenticidad<\/span><\/strong><\/p>\n<p>&nbsp;<\/p>\n<p>&nbsp;<\/p>\n<hr \/>\n<p>&nbsp;<\/p>\n<p>&nbsp;<\/p>\n<p style=\"text-align: center;\"><span style=\"font-size: 20pt;\">NUESTRAS FORTALEZAS<\/span><\/p>\n<p style=\"text-align: center;\"><span style=\"font-family: 'Roboto Condensed'; font-size: 16pt;\"><strong><span style=\"font-family: 'Roboto Condensed';\"><span style=\"font-size: 16pt;\">Especializaci\u00f3n durante m\u00e1s de 30 a\u00f1os en los profesionales tur\u00edsticos<\/span><\/span><\/strong><\/span><\/p>\n<p style=\"text-align: center;\"><span style=\"font-family: 'Roboto Condensed'; font-size: 16pt;\"><strong>Visibilidad en los peri\u00f3dicos tur\u00edsticos de m\u00e1s audiencia en Espa\u00f1a y Am\u00e9rica<\/strong><\/span><\/p>\n<p style=\"text-align: center;\"><span style=\"font-family: 'Roboto Condensed';\"><strong><span style=\"font-size: 16pt;\">Personalizaci\u00f3n a medida de contenidos para mejorar la reputaci\u00f3n<\/span><\/strong><\/span><\/p>\n<p style=\"text-align: center;\"><span style=\"font-family: 'Roboto Condensed';\"><strong><span style=\"font-size: 16pt;\">Segmentaci\u00f3n de audiencias<\/span><\/strong><\/span><\/p>\n<p style=\"text-align: center;\"><span style=\"font-family: 'Roboto Condensed';\"><strong><span style=\"font-size: 16pt;\">Permanencia en buscadores y mejora del posicionamiento<\/span><\/strong><\/span><\/p>\n<p>&nbsp;<\/p>\n<p>&nbsp;<\/p>\n<hr \/>\n<p>&nbsp;<\/p>\n<p style=\"text-align: center;\"><span style=\"font-size: 20pt;\">CONTACTO<\/span><\/p>\n<p style=\"text-align: center;\">Ignacio de Pablo &#8211;\u00a0<a href=\"mailto:cco@grupopreferente.com\">cco[a]grupopreferente.com<\/a><\/p>\n<p>&nbsp;<\/p>\n","protected":false},"excerpt":{"rendered":"<p>&nbsp; La agencia de branded content\u00a0para profesionales tur\u00edsticos &nbsp; &nbsp; &nbsp; &nbsp; QU\u00c9 HACEMOS Captamos y fidelizamos creando v\u00ednculos emocionales con tus clientes Multiplicamos la eficacia publicitaria gracias a nuestra especializaci\u00f3n Adaptamos el estilo al m\u00e1s efectivo seg\u00fan la plataforma de difusi\u00f3n &nbsp; NUESTRA FILOSOF\u00cdA Elaboramos un nuevo periodismo para conectar marca y personas Creamos [&hellip;]<\/p>\n","protected":false},"author":1,"featured_media":0,"parent":0,"menu_order":0,"comment_status":"closed","ping_status":"closed","template":"","meta":[],"_links":{"self":[{"href":"https:\/\/turibrand.com\/index.php\/wp-json\/wp\/v2\/pages\/24"}],"collection":[{"href":"https:\/\/turibrand.com\/index.php\/wp-json\/wp\/v2\/pages"}],"about":[{"href":"https:\/\/turibrand.com\/index.php\/wp-json\/wp\/v2\/types\/page"}],"author":[{"embeddable":true,"href":"https:\/\/turibrand.com\/index.php\/wp-json\/wp\/v2\/users\/1"}],"replies":[{"embeddable":true,"href":"https:\/\/turibrand.com\/index.php\/wp-json\/wp\/v2\/comments?post=24"}],"version-history":[{"count":32,"href":"https:\/\/turibrand.com\/index.php\/wp-json\/wp\/v2\/pages\/24\/revisions"}],"predecessor-version":[{"id":285,"href":"https:\/\/turibrand.com\/index.php\/wp-json\/wp\/v2\/pages\/24\/revisions\/285"}],"wp:attachment":[{"href":"https:\/\/turibrand.com\/index.php\/wp-json\/wp\/v2\/media?parent=24"}],"curies":[{"name":"wp","href":"https:\/\/api.w.org\/{rel}","templated":true}]}}